at is the hundreds digit of 43257?
2
What is the hundreds digit of 295?
2
What is the tens digit of 19745?
4
What is the tens digit of 2148?
4
What is the ten thousands digit of 27179?
2
What is the thousands digit of 1285?
1
What is the thousands digit of 2509?
2
What is the hundreds digit of 877?
8
What is the thousands digit of 58592?
8
What is the tens digit of 854?
5
What is the hundreds digit of 28064?
0
What is the units digit of 1458?
8
What is the thousands digit of 14599?
4
What is the hundreds digit of 472?
4
What is the hundreds digit of 4260?
2
What is the tens digit of 2566?
6
What is the ten thousands digit of 11102?
1
What is the units digit of 10762?
2
What is the units digit of 13985?
5
What is the hundreds digit of 1707?
7
What is the units digit of 815?
5
What is the ten thousands digit of 19994?
1
What is the hundreds digit of 9697?
6
What is the hundreds digit of 21420?
4
What is the tens digit of 613?
1
What is the hundreds digit of 24617?
6
What is the ten thousands digit of 63474?
6
What is the thousands digit of 24180?
4
What is the hundreds digit of 4127?
1
What is the units digit of 95427?
7
What is the units digit of 47524?
4
What is the thousands digit of 83857?
3
What is the ten thousands digit of 12278?
1
What is the tens digit of 75328?
2
What is the ten thousands digit of 38002?
3
What is the tens digit of 8388?
8
What is the thousands digit of 16653?
6
What is the thousands digit of 91305?
1
What is the tens digit of 73929?
2
What is the hundreds digit of 1134?
1
What is the units digit of 828?
8
What is the hundreds digit of 3171?
1
What is the ten thousands digit of 89589?
8
What is the tens digit of 8072?
7
What is the thousands digit of 9490?
9
What is the tens digit of 3488?
8
What is the hundreds digit of 1590?
5
What is the ten thousands digit of 159189?
5
What is the hundreds digit of 360?
3
What is the tens digit of 1464?
6
What is the hundred thousands digit of 169427?
1
What is the hundreds digit of 674?
6
What is the tens digit of 581?
8
What is the hundreds digit of 602?
6
What is the thousands digit of 8767?
8
What is the thousands digit of 43951?
3
What is the units digit of 51365?
5
What is the tens digit of 480?
8
What is the ten thousands digit of 65371?
6
What is the thousands digit of 8032?
8
What is the hundreds digit of 1226?
2
What is the tens digit of 9893?
9
What is the units digit of 26259?
9
What is the hundreds digit of 7349?
3
What is the units digit of 1633?
3
What is the tens digit of 55582?
8
What is the tens digit of 1467?
6
What is the tens digit of 2005?
0
What is the hundreds digit of 2496?
4
What is the units digit of 1058?
8
What is the thousands digit of 1718?
1
What is the tens digit of 400?
0
What is the units digit of 810?
0
What is the thousands digit of 2371?
2
What is the units digit of 6506?
6
What is the tens digit of 80?
8
What is the units digit of 30278?
8
What is the units digit of 1618?
8
What is the ten thousands digit of 79782?
7
What is the hundreds digit of 75742?
7
What is the thousands digit of 1394?
1
What is the tens digit of 122545?
4
What is the tens digit of 992?
9
What is the units digit of 1289?
9
What is the hundreds digit of 3429?
4
What is the hundreds digit of 296?
2
What is the thousands digit of 6614?
6
What is the tens digit of 517?
1
What is the hundreds digit of 841?
8
What is the tens digit of 9750?
5
What is the tens digit of 327?
2
What is the thousands digit of 19117?
9
What is the tens digit of 6667?
6
What is the hundreds digit of 976?
9
What is the tens digit of 143?
4
What is the tens digit of 416?
1
What is the tens digit of 33124?
2
What is the thousands digit of 52535?
2
What is the tens digit of 217?
1
What is the units digit of 13534?
4
What is the tens digit of 28577?
7
What is the units digit of 3392?
2
What is the hundreds digit of 8659?
6
What is the units digit of 125902?
2
What is the tens digit of 3012?
1
What is the hundred thousands digit of 170887?
1
What is the units digit of 46713?
3
What is the hundreds digit of 33926?
9
What is the thousands digit of 11504?
1
What is the ten thousands digit of 14999?
1
What is the units digit of 1079?
9
What is the hundreds digit of 325?
3
What is the units digit of 5330?
0
What is the thousands digit of 1364?
1
What is the thousands digit of 6335?
6
What is the tens digit of 2356?
5
What is the hundreds digit of 5449?
4
What is the units digit of 345?
5
What is the units digit of 7411?
1
What is the hundreds digit of 13493?
4
What is the hundreds digit of 2442?
4
What is the thousands digit of 170539?
0
What is the thousands digit of 1131?
1
What is the units digit of 1135?
5
What is the hundreds digit of 4107?
1
What is the units digit of 5473?
3
What is the tens digit of 14893?
9
What is the tens digit of 2526?
2
What is the thousands digit of 1905?
1
What is the ten thousands digit of 26917?
2
What is the thousands digit of 3589?
3
What is the units digit of 57426?
6
What is the hundreds digit of 1520?
5
What is the units digit of 19937?
7
What is the tens digit of 93123?
2
What is the units digit of 178728?
8
What is the hundreds digit of 66270?
2
What is the units digit of 717?
7
What is the units digit of 201?
1
What is the hundreds digit of 801?
8
What is the tens digit of 29223?
2
What is the hundreds digit of 27693?
6
What is the thousands digit of 26681?
6
What is the tens digit of 1045?
4
What is the hundreds digit of 4303?
3
What is the thousands digit of 32199?
2
What is the units digit of 3775?
5
What is the hundreds digit of 475?
4
What is the units digit of 6778?
8
What is the thousands digit of 1428?
1
What is the ten thousands digit of 30535?
3
What is the tens digit of 3136?
3
What is the hundreds digit of 19020?
0
What is the units digit of 459?
9
What is the units digit of 189714?
4
What is the tens digit of 1367?
6
What is the thousands digit of 2315?
2
What is the ten thousands digit of 189314?
8
What is the thousands digit of 1962?
1
What is the hundreds digit of 2325?
3
What is the tens digit of 9150?
5
What is the tens digit of 1089?
8
What is the units digit of 9195?
5
What is the thousands digit of 5633?
5
What is the tens digit of 10044?
4
What is the thousands digit of 3421?
3
What is the hundreds digit of 11452?
4
What is the thousands digit of 1016?
1
What is the thousands digit of 11269?
1
What is the tens digit of 459?
5
What is the hundreds digit of 65410?
4
What is the hundreds digit of 17946?
9
What is the hundreds digit of 13179?
1
What is the hundreds digit of 83938?
9
What is the hundreds digit of 59336?
3
What is the ten thousands digit of 29045?
2
What is the tens digit of 4527?
2
What is the thousands digit of 7855?
7
What is the hundreds digit of 2038?
0
What is the units digit of 7452?
2
What is the hundreds digit of 33441?
4
What is the hundreds digit of 444?
4
What is the tens digit of 21547?
4
What is the thousands digit of 2341?
2
What is the thousands digit of 1625?
1
What is the hundreds digit of 441?
4
What is the thousands digit of 45488?
5
What is the thousands digit of 6847?
6
What is the tens digit of 1976?
7
What is the units digit of 3224?
4
What is the thousands digit of 62863?
2
What is the tens digit of 7785?
8
What is the hundreds digit of 638?
6
What is the tens digit of 2003?
0
What is the thousands digit of 22962?
2
What is the hundreds digit of 181721?
7
What is the thousands digit of 61001?
1
What is the hundreds digit of 545?
5
What is the hundreds digit of 34011?
0
What is the units digit of 18848?
8
What is the hundreds digit of 1226?
2
What is the hundreds digit of 23140?
1
What is the hundreds digit of 35594?
5
What is the ten thousands digit of 43084?
4
What is the hundreds digit of 7603?
6
What is the thousands digit of 2818?
2
What is the hundreds digit of 65647?
6
What is the hundreds digit of 22216?
2
What is the tens digit of 46935?
3
What is the units digit of 119?
9
What is the hundreds digit of 25573?
5
What is the tens digit of 3057?
5
What is the tens digit of 1231?
3
What is the thousands digit of 23162?
3
What is the thousands digit of 2745?
2
What is the units digit of 3225?
5
What is the ten thousands digit of 18783?
1
What is the thousands digit of 1032?
1
What is the units digit of 1